8799?
33
What is the highest common factor of 1675647 and 81?
81
Calculate the greatest common factor of 182 and 78.
26
What is the highest common factor of 288 and 20781?
9
Calculate the greatest common divisor of 4352 and 884.
68
Calculate the highest common factor of 182 and 1483378.
26
Calculate the greatest common divisor of 9 and 13483089.
9
Calculate the greatest common factor of 23569 and 17591.
49
What is the highest common divisor of 3691282 and 76?
38
What is the highest common divisor of 15 and 2246?
1
Calculate the greatest common divisor of 34 and 628031.
17
What is the highest common factor of 11 and 119845?
11
What is the highest common factor of 132 and 777660?
12
What is the highest common factor of 2296 and 779492?
1148
What is the greatest common divisor of 654 and 159?
3
Calculate the highest common factor of 153085 and 85.
85
Calculate the greatest common divisor of 12 and 148239.
3
What is the highest common divisor of 40725 and 71495?
905
Calculate the highest common divisor of 69589 and 5512.
689
Calculate the highest common factor of 31096 and 736.
184
Calculate the highest common factor of 3534 and 23808.
186
What is the greatest common divisor of 74 and 7289?
37
What is the highest common factor of 2187 and 106434?
729
What is the highest common factor of 21 and 18417?
21
Calculate the highest common divisor of 229792 and 2064.
688
What is the greatest common factor of 94450 and 25?
25
Calculate the greatest common divisor of 364 and 982436.
364
Calculate the highest common factor of 7685 and 232.
29
What is the highest common factor of 1020 and 52700?
340
Calculate the highest common factor of 41 and 39073.
41
Calculate the highest common divisor of 44 and 10236.
4
What is the greatest common divisor of 791791 and 833?
49
Calculate the highest common divisor of 231265 and 230.
115
Calculate the highest common divisor of 26125 and 13.
1
Calculate the greatest common divisor of 331 and 173113.
331
Calculate the highest common factor of 79713 and 153.
153
What is the greatest common divisor of 3394950 and 250?
50
What is the highest common divisor of 627486 and 552?
138
Calculate the greatest common divisor of 682 and 26939.
341
What is the greatest common divisor of 56 and 4816672?
56
What is the highest common divisor of 31020 and 42911?
517
Calculate the highest common divisor of 522 and 86391.
261
Calculate the greatest common factor of 83390 and 55.
5
Calculate the highest common factor of 1794474 and 4455.
891
What is the greatest common factor of 220 and 21380?
20
What is the highest common factor of 20162662 and 103?
103
Calculate the greatest common divisor of 3339 and 112731.
159
What is the highest common divisor of 22908 and 11244?
12
Calculate the greatest common factor of 7326 and 187.
11
Calculate the greatest common divisor of 1821 and 747.
3
Calculate the greatest common factor of 780 and 1267968.
156
What is the greatest common divisor of 5731 and 24487?
521
What is the greatest common factor of 406 and 593572?
406
What is the greatest common divisor of 3510 and 2210?
130
Calculate the greatest common factor of 3712 and 384.
128
Calculate the greatest common factor of 2439 and 306.
9
Calculate the highest common factor of 71513 and 39.
13
What is the highest common divisor of 762 and 24180?
6
Calculate the highest common divisor of 2812 and 17908.
148
Calculate the greatest common factor of 528 and 20496.
48
Calculate the highest common factor of 4327856 and 728.
104
Calculate the highest common divisor of 1414 and 2681.
7
Calculate the greatest common divisor of 231 and 32901.
33
What is the greatest common divisor of 117 and 25831?
13
What is the highest common divisor of 27 and 245682?
9
Calculate the highest common divisor of 3168 and 6480.
144
Calculate the highest common factor of 50344 and 378.
14
Calculate the highest common factor of 2 and 10214.
2
What is the highest common factor of 357 and 260064?
21
What is the highest common divisor of 4902 and 317082?
258
Calculate the greatest common divisor of 9603 and 7073.
11
Calculate the greatest common divisor of 130112 and 128.
64
What is the greatest common divisor of 6161 and 2020?
101
What is the highest common factor of 150976 and 280?
56
What is the greatest common factor of 922 and 295501?
461
Calculate the greatest common factor of 170 and 4210.
10
What is the greatest common factor of 22387 and 2936?
367
Calculate the greatest common factor of 676 and 1339.
13
What is the greatest common factor of 4560 and 11685?
285
Calculate the highest common factor of 10028 and 460.
92
What is the highest common divisor of 10155 and 90?
15
Calculate the highest common factor of 10 and 115695.
5
Calculate the greatest common divisor of 272240 and 95.
5
What is the greatest common factor of 40837 and 1261?
97
Calculate the highest common divisor of 1206 and 873.
9
Calculate the highest common divisor of 171137 and 53.
53
Calculate the greatest common divisor of 375891 and 214.
107
Calculate the highest common factor of 183 and 3789564.
183
Calculate the highest common factor of 539 and 3443.
11
What is the highest common divisor of 916140 and 100?
20
Calculate the greatest common factor of 54 and 49122.
18
Calculate the highest common divisor of 5427 and 12596.
67
Calculate the highest common divisor of 114 and 1506852.
114
What is the highest common divisor of 35972 and 117438?
1058
Calculate the greatest common divisor of 1189503 and 189.
63
What is the greatest common divisor of 135 and 241200?
45
Calculate the greatest common factor of 81774 and 154.
154
Calculate the highest common factor of 2028 and 52572.
156
Calculate the highest common divisor of 660 and 982608.
132
What is the greatest common divisor of 30 and 6984?
6
What is the highest common divisor of 19186 and 10860?
362
Calculate the highest common factor of 2067 and 8385.
39
What is the highest common divisor of 132 and 71148?
132
Calculate the highest common divisor of 1476 and 23083.
41
Calculate the greatest common divisor of 439452 and 2268.
108
What is the greatest common divisor of 651 and 17856?
93
What is the greatest common divisor of 344 and 48332?
172
What is the highest common divisor of 184129 and 323?
19
Calculate the highest common divisor of 64262 and 508.
254
What is the greatest common factor of 150 and 8400?
150
Calculate the highest common divisor of 1632 and 68160.
96
Calculate the highest common factor of 69607 and 799.
47
What is the highest common factor of 491 and 407039?
491
What is the greatest common divisor of 1020 and 1348780?
340
Calculate the greatest common divisor of 1411 and 112631.
83
Calculate the greatest common divisor of 6 and 8950.
2
What is the highest common factor of 54 and 556668?
18
Calculate the greatest common factor of 84 and 99141.
21
What is the greatest common factor of 284787 and 1?
1
Calculate the highest common factor of 236487 and 34.
17
Calculate the greatest common divisor of 38817 and 2109.
57
What is the greatest common factor of 8271 and 36?
9
What is the highest common divisor of 126 and 27804?
42
What is the highest common divisor of 111896 and 416?
8
What is the highest common factor of 10 and 3970?
10
What is the greatest common divisor of 6545 and 257635?
595
What is the greatest common divisor of 9840 and 400?
80
What is the highest common divisor of 34 and 55539?
17
Calculate the greatest common factor of 47313 and 252.
63
Calculate the highest common divisor of 2537848 and 116.
116
What is the greatest common divisor of 125 and 1262850?
25
What is the highest common divisor of 43 and 1472?
1
Calculate the highest common factor of 1410111 and 27.
9
What is the greatest common factor of 72930 and 33?
33
What is the highest common factor of 36894 and 312?
78
Calculate the highest common factor of 70905 and 8265.
435
Calculate the greatest common factor of 9 and 1233.
9
What is the highest common factor of 75 and 318150?
75
Calculate the greatest common factor of 236674 and 68.
34
What is the highest common factor of 8325 and 279?
9
What is the greatest common factor of 89791 and 13?
13
Calculate the highest common factor of 2830 and 51789.
283
Calculate the highest common factor of 1293435 and 134.
67
Calculate the